(-4). Suppose -28 = 4*m - 3*t, 4*t = -m + 3 + 9. Let n = m + d. What is the remainder when 13 is divided by n?
5
Suppose -17*y + 24 = -13*y. Let q(v) be the third derivative of -v**5/60 + 17*v**3/6 - v**2. What is the remainder when q(0) is divided by y?
5
Suppose 2*p + 85 = o + 3*p, 5*o + 2*p = 416. What is the remainder when o is divided by 14?
12
Let y(x) = x**2 + 5*x - 3. Let h be y(-4). Let l(s) = -s**2 - 7*s - 3. Let u be l(h). Calculate the remainder when 3*4 + u + 4 is divided by 4.
1
Suppose -u = -17 - 3. What is the remainder when 76 is divided by u?
16
Suppose 0 = 4*s - 3*n - 8 + 33, -s = n + 15. Let x = s + 23. Calculate the remainder when 49 is divided by x.
10
Let y = -15 - -22. What is the remainder when 20 is divided by y?
6
Let f be (-2)/3*(-15)/5. Let z = 87 - 43. Suppose -f*k + z = -14. Calculate the remainder when k is divided by 10.
9
Let f(j) = -j**2 + 6*j - 3. Suppose 0*c - 4*c + 20 = 0. Calculate the remainder when f(c) is divided by 2.
0
What is the remainder when (2/3)/(2/132) is divided by 15?
14
Let u(l) = l + 25. Calculate the remainder when 21 is divided by u(-20).
1
Suppose -3*o + 16 = 1. What is the remainder when (-1 + 3)*(-17)/(-2) is divided by ((-18)/o)/((-6)/15)?
8
Suppose -3*w - 5*q = w + 47, -5*w - 95 = -q. Let n be -1 - (1 + (3 - 1)). Calculate the remainder when n/w + (-250)/(-9) is divided by 15.
13
What is the remainder when -4 + 0 - -56 - -5 is divided by ((-16)/6)/((-4)/30)?
17
Suppose 0 = -4*x + 27 + 101. Calculate the remainder when x is divided by 11.
10
Let b(y) = 2*y**2 + 4*y - 2. Suppose -4 = -3*w - 1. Suppose -c + 4 = -w. What is the remainder when b(-4) is divided by c?
4
Let r = 17 - 2. Let g = 9 - r. What is the remainder when 54 is divided by g/4*(-114)/9?
16
Suppose 0 = -6*i + 2*i - 2*o - 24, 3*i = -o - 16. Calculate the remainder when 82 - (2 - 5 - i) is divided by 21.
18
Calculate the remainder when 91 is divided by 4 - (3 + 1 + -23).
22
Suppose 3*p + 2*p - 435 = 0. What is the remainder when p is divided by 18?
15
Suppose f = -f - 2. Let u be (1 + 0)*3/f. What is the remainder when 33 is divided by ((-34)/(-8))/(u/(-12))?
16
Let i = 22 - 7. What is the remainder when 27 is divided by i?
12
Suppose 5*b + 15 = 2*d, 2*d - 2*b = -8 + 38. Let t = d + 1. What is the remainder when 61 is divided by t?
19
Let u(b) = -b**3 + 7*b**2 - 7*b + 2. Let r be u(5). Let n = r - -9. What is the remainder when n is divided by ((-6)/4)/((-3)/18)?
8
Suppose -c = w + 17, -w + 0*c = -4*c - 3. Let k = 51 - w. Calculate the remainder when k is divided by 22.
20
What is the remainder when 2 + 3 + -1 + 119 is divided by 25?
23
Let h = -2 - -3. What is the remainder when (h - 4/3)*-18 is divided by 2?
0
Let x = 0 - -45. Let h = -8 - -11. Suppose -107 = -5*r + 5*z - h*z, -54 = -2*r - 2*z. What is the remainder when x is divided by r?
22
Suppose 72 = -2*o - 4*j, -4*j - 23 = -3*o - 161. Let g = 65 + o. Suppose -5*u + 5*t = -g - 27, 16 = 4*u + 4*t. Calculate the remainder when 13 is divided by u.
6
Suppose -4*b - 1 + 9 = 0, 3*b = -2*z - 8. Let x = -5 - z. What is the remainder when 2 is divided by x?
0
Suppose -3*y = -5*y + 16. Suppose k - 3*k + 76 = 0. Suppose 3*z - 4 = k. What is the remainder when z is divided by y?
6
Let h = -382 - -698. What is the remainder when h is divided by 53?
51
Suppose 2*w + 4*s = 66, -31 = -w + s - 4. What is the remainder when 114 is divided by w?
27
Let r = -149 + 176. Calculate the remainder when r is divided by 8.
3
Let h(j) be the first derivative of j**3/3 - 4*j**2 + 9*j + 2. Let k be h(7). Suppose -k*f = -25 + 7. Calculate the remainder when f is divided by 5.
4
Suppose -4*p + 2*n = -26 - 12, 0 = 2*p + 3*n - 23. What is the remainder when 89 is divided by p?
9
Suppose -930 = -4*i - i. Suppose i - 26 = 2*v. Let n = -55 + v. What is the remainder when n is divided by 14?
11
Suppose 41 = 5*t - f, -f - 23 = -2*t - t. What is the remainder when 33 is divided by t?
6
Let y(c) = -c**2 + 9*c + 13. Let x be y(10). Suppose x*k - 2*s - 73 - 41 = 0, -5*s + 76 = 2*k. Calculate the remainder when k is divided by 20.
18
Let h(b) = -3*b - 17. Let g(m) = -m + 8. Let z be g(6). Suppose z*o - 3*o + 7 = 0. What is the remainder when h(-12) is divided by o?
5
Suppose -5*z + 4*t = -70 - 65, 2*z + t = 54. Suppose f - 67 = -3*x, -8*f - 4*x = -7*f - 63. What is the remainder when f is divided by z?
25
Suppose 0 = -3*s - 2*j - 14, 0 = -5*s - 3*j - j - 20. Let b = s + 13. Let a = 21 + -12. What is the remainder when a is divided by b?
4
Suppose -18 - 2 = -4*m. Suppose -m*w = -462 - 63. Suppose -2*v - 2*v = 0, 5*s + 4*v = w. Calculate the remainder when s is divided by 12.
9
Suppose 4*k + 202 = 34. Let l = k - -60. What is the remainder when l is divided by 5?
3
Let k = -3 + 3. Suppose q = -k*q + 13. Calculate the remainder when 37 is divided by q.
11
Suppose 0 = -6*s + 387 + 33. What is the remainder when s is divided by 24?
22
Suppose -3*g - 5*u = g - 145, 5*g - u = 145. Calculate the remainder when g is divided by 16.
14
Suppose -2*s + 52 = 2*x, 5*s - 4*x - 89 = 14. What is the remainder when 66 is divided by s?
20
Suppose -5*u = -135 + 35. Calculate the remainder when (((-156)/8)/(-1))/((-3)/(-6)) is divided by u.
19
Let c(v) = -v**3 + 5*v**2 + 9*v - 8. What is the remainder when 39 is divided by c(6)?
9
Let v(y) be the third derivative of y**4/24 + 4*y**3 - 3*y**2. What is the remainder when 25 is divided by v(-10)?
11
Suppose b = 2*a - 4, 5*a - 2 = -3*b - 3. Let d(p) = 13*p**2 - p - 1. Calculate the remainder when d(b) is divided by 14.
11
Let a = -156 + 169. Calculate the remainder when 34 is divided by a.
8
Let g(v) = -7*v - 6. Let w(b) = 10*b**2 - 1 - 5*b**2 + 6*b**2. What is the remainder when g(-5) is divided by w(1)?
9
Suppose -m - m = -4. Let t = 5 - m. Let p = 1 + t. What is the remainder when p is divided by 3?
1
Suppose 10 = 2*l, -s + 57 = -l - 0. Calculate the remainder when s is divided by 13.
10
Let i(m) = 2*m + 1. Let p(n) = 2*n**2 - 2*n - 2. Let k be p(2). Suppose -4 = -k*z - 0*z. What is the remainder when 9 is divided by i(z)?
4
Let z(g) be the third derivative of g**5/60 - g**4/12 - g**3/6 + g**2. Let s be z(3). Suppose s*i - 88 = -32. Calculate the remainder when i is divided by 10.
8
Let b = -4 - -125. Calculate the remainder when b is divided by 25.
21
Let m be (-2)/12 + 642/(-36). What is the remainder when m*(-3)/3 - -3 is divided by 6?
3
Suppose 3*j = j + 96. Calculate the remainder when j is divided by 17.
14
Suppose -v + 11 = 5*x - 10, -3*x - 2*v + 7 = 0. Let b(j) = -j**3 + 6*j**2 - 5*j + 4. What is the remainder when 14 is divided by b(x)?
2
Let l(o) = 2*o**2 - 7*o + 6. Suppose 3*s = 15 - 3. Calculate the remainder when (2/6)/((-2)/(-102)) is divided by l(s).
7
Suppose 2*a = 26 - 20. What is the remainder when 8 is divided by a?
2
Let y = 27 + -5. Let o = -15 + y. What is the remainder when 13 is divided by o?
6
Let q be 3/2 - (-6)/12. Suppose 0 = 2*d - j - 25, 0 = 2*d - 4*j - 12 + q. Calculate the remainder when d is divided by 9.
6
Let d(o) = 21*o**3 - o**2 + 2*o - 1. Suppose 0 = -3*t + t + 2. Suppose 3*s - 27 = 3*w, -2*w + w = -2. What is the remainder when d(t) is divided by s?
10
Let o(r) = 4*r**2 + 6*r + 1. What is the remainder when o(-6) is divided by 19?
14
Suppose 0 = -2*h + 3*g + 11, 4 = 2*g + 2. Calculate the remainder when (-4)/16*-18*(1 + 5) is divided by h.
6
Let o(p) = p**2 - 3*p - 36. What is the remainder when 46 is divided by o(-6)?
10
Suppose 2*d = 2 + 10. Suppose 4*h - 5*h = -4. What is the remainder when d is divided by h?
2
Let a = 104 + -65. Suppose 2*b - 4*b - o = -24, 4*b = -3*o + 52. What is the remainder when a is divided by b?
9
Let b(f) = -f - 2. Let p be b(-2). Suppose p = -4*l - l + 80. Let h = l + 16. What is the remainder when h is divided by 17?
15
Let j be (7 + -8)/(2/(-4)). Suppose j*q - 18 = -0*q. What is the remainder when q is divided by ((-4)/(-3))/((-2)/(-6))?
1
Let w = 20 + -10. Let q(a) = -2*a**3 + 2*a**2 - 2*a + 1. Let t be q(1). What is the remainder when 114/(-6)*(0 + t) is divided by w?
9
Let l(t) = t**2 - 4*t + 7. Let s be 5*2*2/4. Calculate the remainder when l(s) is divided by 7.
5
Let r = 50 - 35. Calculate the remainder when 56 is divided by r.
11
Let g(p) = p**3 - 5*p**2 + 5*p - 1. Let t(j) = j**3 - 6*j**2 - 5*j - 9.